ommon factor of 28 and 4788?
28
Calculate the highest common divisor of 26 and 4.
2
What is the greatest common factor of 11 and 51623?
11
Calculate the highest common factor of 192 and 216.
24
Calculate the greatest common factor of 48 and 372.
12
What is the highest common factor of 15833 and 71?
71
Calculate the highest common factor of 18231 and 354.
177
Calculate the greatest common divisor of 5317 and 65.
13
What is the highest common factor of 120 and 2432?
8
Calculate the highest common factor of 33 and 4521.
33
What is the greatest common factor of 16 and 256?
16
Calculate the greatest common divisor of 160 and 256.
32
Calculate the highest common divisor of 2146 and 232.
58
What is the greatest common factor of 248 and 34348?
124
Calculate the greatest common divisor of 296 and 5254.
74
Calculate the highest common factor of 2139 and 552.
69
What is the highest common factor of 84 and 840?
84
Calculate the highest common divisor of 1472 and 1280.
64
Calculate the highest common factor of 18 and 1872.
18
Calculate the highest common factor of 105 and 10185.
105
Calculate the greatest common divisor of 39 and 1677.
39
What is the highest common factor of 170 and 6800?
170
Calculate the greatest common factor of 3393 and 7569.
261
Calculate the greatest common divisor of 196 and 20.
4
What is the greatest common divisor of 1053 and 117?
117
Calculate the highest common divisor of 1148 and 28.
28
Calculate the highest common divisor of 1152 and 252.
36
What is the highest common divisor of 1386 and 11?
11
Calculate the greatest common divisor of 87 and 319.
29
What is the highest common divisor of 1946 and 63?
7
What is the greatest common factor of 108 and 189?
27
Calculate the highest common divisor of 1102 and 58.
58
Calculate the greatest common divisor of 2457 and 117.
117
What is the greatest common factor of 24696 and 42?
42
Calculate the highest common factor of 5280 and 132.
132
What is the highest common divisor of 129 and 86?
43
What is the greatest common divisor of 188 and 141?
47
What is the highest common factor of 3572 and 608?
76
What is the highest common factor of 121 and 572?
11
What is the highest common factor of 324 and 2088?
36
Calculate the highest common divisor of 805 and 391.
23
Calculate the greatest common factor of 1344 and 2184.
168
Calculate the greatest common divisor of 1258 and 952.
34
What is the greatest common factor of 12810 and 7?
7
What is the greatest common factor of 9 and 90?
9
Calculate the highest common divisor of 126 and 18.
18
What is the highest common divisor of 450 and 135?
45
Calculate the highest common divisor of 90 and 756.
18
Calculate the highest common factor of 312 and 600.
24
What is the highest common divisor of 237 and 12?
3
Calculate the greatest common factor of 28 and 1036.
28
What is the highest common divisor of 108 and 18?
18
Calculate the greatest common divisor of 752 and 32.
16
What is the greatest common factor of 118 and 9?
1
Calculate the highest common divisor of 2611 and 49.
7
What is the greatest common factor of 60 and 675?
15
What is the highest common divisor of 731 and 17?
17
Calculate the greatest common factor of 84 and 36.
12
Calculate the highest common factor of 3984 and 24.
24
Calculate the highest common divisor of 1177 and 11.
11
What is the highest common factor of 12 and 2892?
12
What is the highest common factor of 848 and 16?
16
What is the highest common factor of 1014 and 546?
78
Calculate the highest common factor of 12 and 186.
6
What is the greatest common divisor of 266 and 13433?
133
Calculate the highest common factor of 56 and 7.
7
What is the greatest common divisor of 680 and 30?
10
What is the greatest common divisor of 208 and 884?
52
Calculate the greatest common factor of 9 and 6147.
9
What is the greatest common divisor of 91 and 3484?
13
Calculate the highest common divisor of 29992 and 184.
184
Calculate the greatest common divisor of 38 and 285.
19
Calculate the highest common divisor of 3456 and 54.
54
What is the highest common factor of 150 and 200?
50
What is the highest common factor of 72 and 1224?
72
What is the greatest common divisor of 297 and 1?
1
What is the highest common divisor of 67 and 134?
67
What is the highest common factor of 32 and 7?
1
What is the highest common divisor of 51 and 68?
17
Calculate the greatest common factor of 603 and 67.
67
Calculate the highest common divisor of 91 and 143.
13
What is the greatest common divisor of 1863 and 69?
69
What is the highest common divisor of 1325 and 10?
5
What is the highest common divisor of 220 and 165?
55
What is the greatest common divisor of 1469 and 91?
13
What is the highest common divisor of 16730 and 28?
14
Calculate the highest common factor of 10417 and 22.
11
What is the greatest common divisor of 774 and 72?
18
Calculate the greatest common factor of 30 and 750.
30
What is the greatest common factor of 30 and 174?
6
Calculate the highest common factor of 11371 and 137.
137
Calculate the greatest common factor of 14496 and 64.
32
What is the greatest common factor of 615 and 164?
41
What is the greatest common factor of 520 and 160?
40
What is the highest common divisor of 99 and 44?
11
What is the highest common factor of 616 and 32?
8
What is the greatest common factor of 13 and 1222?
13
Calculate the greatest common divisor of 7365 and 30.
15
What is the greatest common factor of 29 and 377?
29
Calculate the greatest common divisor of 1200 and 144.
48
Calculate the greatest common factor of 408 and 24.
24
What is the greatest common divisor of 212 and 16?
4
What is the greatest common divisor of 27 and 2187?
27
Calculate the greatest common factor of 686 and 98.
98
Calculate the highest common divisor of 6075 and 108.
27
Calculate the greatest common factor of 429 and 33.
33
What is the highest common divisor of 30 and 470?
10
What is the greatest common divisor of 583 and 33?
11
Calculate the greatest common factor of 17 and 1241.
17
What is the greatest common divisor of 1943 and 67?
67
What is the greatest common divisor of 88 and 37906?
22
Calculate the greatest common divisor of 162 and 864.
54
Calculate the greatest common divisor of 135 and 1917.
27
What is the highest common factor of 800 and 25?
25
Calculate the highest common factor of 152 and 532.
76
What is the highest common divisor of 464 and 46?
2
Calculate the highest common factor of 24 and 114.
6
What is the greatest common divisor of 72 and 1224?
72
What is the greatest common divisor of 2320 and 3440?
80
Calculate the greatest common divisor of 38 and 6517.
19
Calculate the highest common divisor of 85 and 40.
5
What is the greatest common factor of 1870 and 242?
22
What is the greatest common factor of 968 and 40?
8
What is the highest common divisor of 99 and 55?
11
Calculate the greatest common factor of 3114 and 18.
18
What is the greatest common factor of 522 and 8526?
174
Calculate the greatest common factor of 310 and 20.
10
Calculate the greatest common divisor of 28 and 56.
28
Calculate the greatest common divisor of 837 and 62.
31
What is the highest common divisor of 44 and 396?
44
Calculate the highest common factor of 12 and 324.
12
What is the highest common factor of 39 and 51?
3
What is the highest common divisor of 588 and 420?
84
What is the greatest common factor of 4 and 1?
1
What is the highest common factor of 880 and 550?
110
Calculate the greatest common factor of 15128 and 31.
31
What is the greatest common divisor of 93 and 15717?
93
Calculate the greatest common divisor of 21798 and 252.
126
What is the highest common divisor of 44 and 4796?
44
Calculate the greatest common divisor of 3965 and 845.
65
What is the greatest common factor of 21 and 8253?
21
Calculate the greatest common factor of 7 and 63.
7
What is the greatest common divisor of 864 and 1809?
27
Calculate the greatest common divisor of 196 and 84.
28
What is the highest common factor of 2465 and 170?
85
What is the highest common divisor of 80 and 112?
16
What is the greatest common factor of 3104 and 64?
32
Calculate the greatest common divisor of 110 and 10.
10
Calculate the highest common divisor of 34 and 323.
17
Calculate the highest common divisor of 3270 and 150.
30
Calc